hat is -1114 - 122?
-1236
In base 11, what is 267349 + -5?
267344
In base 10, what is 0 - 50114?
-50114
In base 10, what is -1764 - -47?
-1717
In base 11, what is 84a + 577?
1316
In base 9, what is -22 - -6078?
6056
In base 15, what is 7b - -b8?
144
In base 7, what is -5 + 136110?
136102
In base 2, what is -10100111 - 1001?
-10110000
In base 13, what is 208320 - -7?
208327
In base 11, what is -1 - -97546?
97545
In base 8, what is -6 + -4563?
-4571
In base 5, what is 3 + -132312?
-132304
In base 4, what is 1000111203 + 12?
1000111221
In base 12, what is 3 + -136b5?
-136b2
In base 6, what is -140 - -1212?
1032
In base 12, what is -14a5 - -9?
-1498
In base 13, what is -1 + -934c?
-9350
In base 5, what is 1301 + -20104?
-13303
In base 3, what is -12201211100 + 202?
-12201210121
In base 8, what is 15 + 322430?
322445
In base 10, what is 12 - 5845?
-5833
In base 15, what is -3 + 10a19e?
10a19b
In base 13, what is 0 + -18c?
-18c
In base 9, what is 33 - -1212?
1245
In base 7, what is 13412 - -4?
13416
In base 11, what is -6376 - -14?
-6362
In base 11, what is -2801 - 4?
-2805
In base 13, what is 22 - 101c?
-cca
In base 9, what is -4120 + 15?
-4104
In base 11, what is 216449 - -2?
216450
In base 16, what is 509 - 44?
4c5
In base 8, what is 3 - -164045?
164050
In base 8, what is 436 - -4220?
4656
In base 12, what is 2345 + 83?
2408
In base 8, what is -1376261 - 2?
-1376263
In base 11, what is -9a93 - -10?
-9a83
In base 12, what is 212489 - -4?
212491
In base 12, what is 0 + -a09b?
-a09b
In base 8, what is 17 - -5371?
5410
In base 15, what is -2 - 6d3?
-6d5
In base 7, what is 1256 - -442?
2031
In base 5, what is 110130 + -24?
110101
In base 13, what is 1b5 + 36a?
552
In base 7, what is -1222 - 13625?
-15150
In base 7, what is 320022 + 3?
320025
In base 8, what is -21 - -135213?
135172
In base 8, what is -5 - -1353537?
1353532
In base 7, what is 562 + 131?
1023
In base 3, what is 10022201222110 + -10?
10022201222100
In base 6, what is -120 + 33550?
33430
In base 4, what is -11 - -1123123?
1123112
In base 11, what is -263553 + 3?
-263550
In base 5, what is -103 - 31324?
-31432
In base 15, what is -3 + -25be1?
-25be4
In base 14, what is -4577 + 3?
-4574
In base 16, what is 58eb + 4?
58ef
In base 14, what is -251 + -d2?
-343
In base 12, what is -688 - -3a?
-64a
In base 7, what is 522 - 2622?
-2100
In base 10, what is -655 + 109?
-546
In base 14, what is -17dd + -5?
-1804
In base 13, what is 4ca + 1?
4cb
In base 6, what is -23151 + -31?
-23222
In base 9, what is -38 + 51016?
50867
In base 8, what is 3560 + 611?
4371
In base 12, what is -163 + 28?
-137
In base 8, what is -1 + -26135?
-26136
In base 13, what is -83 + -2bc7?
-2c7a
In base 6, what is -3 - -54025?
54022
In base 5, what is 4 + -21142143?
-21142134
In base 15, what is -4 + -b04d?
-b052
In base 4, what is -11 + 13202120?
13202103
In base 16, what is 5675 + -1?
5674
In base 11, what is -a683 + 1a?
-a664
In base 7, what is -230351 - -4?
-230344
In base 11, what is -22 + 583?
561
In base 16, what is 3211c - 3?
32119
In base 5, what is 303420 - -10?
303430
In base 9, what is 1850851 - 3?
1850847
In base 6, what is 241 + 414?
1055
In base 13, what is -c - 992?
-9a1
In base 16, what is 2 - d08c?
-d08a
In base 7, what is 1442 + -1622?
-150
In base 14, what is 24502 - -1?
24503
In base 2, what is -1110000 + 110111000?
101001000
In base 2, what is 10011011100000 + -11?
10011011011101
In base 10, what is 2 + 94669?
94671
In base 7, what is -2 + 6414325?
6414323
In base 15, what is 13c + -2?
13a
In base 5, what is 22331 - -1022?
23403
In base 7, what is 13661326 + 2?
13661331
In base 15, what is 0 - aab2?
-aab2
In base 9, what is 28821 + 3?
28824
In base 14, what is 163 - -542?
6a5
In base 9, what is -2860 - 135?
-3105
In base 12, what is -a + 12?
4
In base 5, what is 101302 - -34?
101341
In base 2, what is -10 - 1000010110110?
-1000010111000
In base 6, what is 1 - -203001?
203002
In base 16, what is -290 + -273?
-503
In base 8, what is 100 + -6323?
-6223
In base 15, what is e2 + 12c?
21e
In base 12, what is 4 + a15?
a19
In base 16, what is -5 - -4e0?
4db
In base 8, what is 2 - 27475?
-27473
In base 3, what is -121111201 + -1?
-121111202
In base 2, what is -11101101011100001010 - 101?
-11101101011100001111
In base 12, what is 55 + 8743?
8798
In base 7, what is 452 - 52?
400
In base 2, what is -1 - -11100110101010?
11100110101001
In base 8, what is -124 - -51065?
50741
In base 9, what is -73 + -5222?
-5305
In base 2, what is 11101000011 + -100000001?
11001000010
In base 14, what is -1 + -6513d?
-65140
In base 7, what is 23464 - -6?
23503
In base 10, what is 95128 - 0?
95128
In base 7, what is -133 - -1325?
1162
In base 11, what is -490 + -838?
-1218
In base 14, what is -4 + -139457?
-13945b
In base 12, what is 4 + -17000?
-16bb8
In base 14, what is 35 + 615?
64a
In base 2, what is -111101111000111 - 1001?
-111101111010000
In base 13, what is -4c61a + -5?
-4c622
In base 11, what is 0 + 3579?
3579
In base 4, what is 330103333 - 3?
330103330
In base 15, what is 1b + -2151?
-2135
In base 13, what is 150 + 73?
1c3
In base 2, what is -1 + 1111101011001000111?
1111101011001000110
In base 9, what is -68 - 18166?
-18245
In base 6, what is -22041 - 41?
-22122
In base 5, what is 203 - -3234?
3442
In base 15, what is d69a + 3?
d69d
In base 12, what is 4062ba + 5?
406303
In base 14, what is -2d5c + 207?
-2b55
In base 13, what is -23b + -30?
-26b
In base 7, what is -2503003 - -3?
-2503000
In base 3, what is 0 - 111212000021?
-111212000021
In base 4, what is -210230220 - -10?
-210230210
In base 11, what is 5 - 149986?
-149981
In base 3, what is -1202 + 110110?
101201
In base 13, what is -254 + 12?
-242
In base 6, what is 313342 + 2?
313344
In base 11, what is 4 + -6378?
-6374
In base 16, what is -4f5 - 10?
-505
In base 12, what is 68a43 + 4?
68a47
In base 6, what is -312 + 51?
-221
In base 6, what is 14530 + 321?
15251
In base 4, what is 0 - -103203122?
103203122
In base 16, what is -13b97 - -3?
-13b94
In base 10, what is -10 + 479287?
479277
In base 14, what is 1080a + 0?
1080a
In base 2, what is -11010100111 - -111?
-11010100000
In base 7, what is 622 - -65550?
66502
In base 14, what is 1 - 21c7?
-21c6
In base 2, what is 100 - 100011101100001?
-100011101011101
In base 11, what is -a11 - 861?
-1772
In base 14, what is -60 + 5171?
5111
In base 6, what is -3134540 + 4?
-3134532
In base 12, what is 5 - 10b4a?
-10b45
In base 15, what is 6 - 7c9a?
-7c94
In base 11, what is -15 - -2210a?
220a5
In base 11, what is 122 + 6a?
191
In base 3, what is -2 - 11011200111?
-11011200120
In base 6, what is -2 - -100050?
100044
In base 9, what is 25333 + -3?
25330
In base 8, what is -34 - -2236?
2202
In base 9, what is 16413210 - 1?
16413208
In base 4, what is 1 - 1311311?
-1311310
In base 2, what is -101101111010110001 + -1101?
-101101111010111110
In base 5, what is -113004 + -2430?
-120434
In base 14, what is -48 - 101?
-149
In base 9, what is 2 + 115661?
115663
In base 6, what is -511 + -4304?
-5215
In base 5, what is -144 - -1210?
1011
In base 6, what is 4 - 11023232?
-11023224
In base 16, what is -1 - -eaf9?
eaf8
In base 2, what is 1001101101001101010 - 100?
1001101101001100110
In base 3, what is -120001210022 + 1?
-120001210021
In base 5, what is 3 + -130022?
-130014
In base 10, what is -22 + -2127?
-2149
In base 6, what is 25031124 + 2?
25031130
In base 13, what is -6637 + 8?
-662c
In base 7, what is 141525 + 22?
141550
In base 7, what is 212403 - 100?
212303
In base 13, what is -5b + 26b9?
265b
In base 11, what is 213 + 2475?
2688
In base 8, what is -2 + 57377?
57375
In base 14, what is 7972 - 1a?
7956
In base 3, what is -11 + -111212221110?
-111212221121
In base 6, what is 2034211 - 33?
2034134
In base 11, what is -2300 - 1441?
-3741
In base 12, what is -14b + 7?
-144
In base 6, what is -52 + -53245?
-53341
In base 6, what is -114 + 452?
334
In base 8, what is -63750 + 17?
-63731
In base 7, what is 4313 - 125?
4155
In base 16, what is b + -cd8?
-ccd
In base 13, what is -8b1c + 0?
-8b1c
In base 11, what is -32030 - -5?
-32026
In base 12, what is -4a50 + -245?
-5095
In base 5, what is -3002313 + 2?
-3002311
In base 12, what is -533 - 21a?
-751
In base 10, what is 130 - 2414?
-2284
In base 5, what is 4441001 - 13?
4440433
In base 11,